o(h) = 2*h**3 + h**2 - 5*h + 1. Is o(g) a prime number?
True
Suppose 41*x = 46*x - 15. Suppose i = x*a + a + 287, 0 = -4*i + a + 1193. Is i a composite number?
True
Let c(y) = y + 11. Let a be 9 + -13 + 4/(-2). Let h be c(a). Suppose -h*o + 1 + 25 = 4*i, -2*o + 7 = 5*i. Is o prime?
False
Let c = 4 - -15. Suppose 2*b + c = 3*b. Is b a composite number?
False
Let s(a) = -80*a - 1. Let z(q) = 3*q - 16. Let i be z(5). Is s(i) composite?
False
Let n(v) = -2 + 9 - 6*v - 3*v + 6. Is n(-5) a prime number?
False
Let u(o) = -1671*o + 56. Is u(-5) a composite number?
True
Suppose -5*r + r = 32. Let g(h) = h**2 + 19*h + 11. Let m be g(r). Is m*3/(1 + -4) a prime number?
False
Let t = -3770 + 13665. Is t a composite number?
True
Let n(d) = -200*d + 5. Let o = 17 - 24. Is n(o) a composite number?
True
Let a be (-8)/(24/(-9))*(-2)/(-3). Suppose -5042 = a*j - 4*j. Is j prime?
True
Let j(i) = 137*i - 87. Is j(2) a composite number?
True
Suppose -a + 3*f + 20 = 0, -a - 5 = -3*a - f. Suppose 2*n = 3*n. Suppose -112 = -2*m - 5*x, -a*x + 0*x + 10 = n. Is m a prime number?
False
Is ((-108)/66)/9 + 2875338/22 prime?
False
Let r = 12505 - -13362. Is r prime?
True
Let g = 5 - 9. Let a(x) = 9*x**2 + 2*x - 5. Let n be a(g). Suppose 0 = 2*m, 2*m = o - 0*o - n. Is o a prime number?
True
Let l be (108/(-16))/9*-4. Suppose 4*c = -l*f + 8691, -4*f - c = -f - 8691. Is f a composite number?
False
Suppose 17*w = 21*w - 79364. Is w prime?
True
Suppose -4*d + 3087 = -5*c + 2*c, 3*d - 5*c - 2318 = 0. Suppose -5*t + d = -484. Is t a prime number?
True
Suppose 6*x = -3*x + 72. Suppose -x*n + 1411 = 155. Is n a prime number?
True
Let n be (8/(-12))/((-6)/4563). Suppose 0 = 4*p - n + 35. Is p a composite number?
True
Suppose 2*c + 2*c + 5080 = 0. Let m = -824 - c. Is m composite?
True
Suppose 15*j - z - 30089 = 10*j, -5*j = -5*z - 30105. Is j prime?
False
Suppose 5*q + 13 + 2 = 0, -3*q + 32385 = 2*w. Is w composite?
True
Let z = -13 - -15. Let u(b) = 928*b - 5. Is u(z) a composite number?
True
Is (10 + 182/(-21))/((-4)/(-167502)) prime?
False
Suppose 924670 = 17*p + 60441. Is p a prime number?
False
Suppose -50089 + 269777 = 28*w. Is w prime?
False
Let x = -33 + 35. Suppose -2*r = x*r - 196. Is r a prime number?
False
Let r be -2*(-2 + (-27)/(-2)) - 0. Let s(m) = m**2 + 9*m - 68. Is s(r) a composite number?
True
Let l(k) = 4*k**2 + 3*k**2 - k**2 + 6*k - 4 - 1. Is l(6) composite?
True
Let k be -2 - ((-2)/(-1) + -4). Suppose k*j - 6*j = -90. Suppose j*c + 382 = 17*c. Is c a prime number?
True
Let p(t) = 3*t**2 - t + 4. Let s be p(0). Is 1/(-1*s/(-2284)) composite?
False
Let b = 983 + -287. Suppose c = -d + 4*d - 714, 5*c - b = -3*d. Is d composite?
True
Let b = -1215 - -1841. Let m = b - 333. Is m a prime number?
True
Let h(o) = -396*o + 7. Let q be h(-2). Let r = q + -10. Is r a composite number?
True
Suppose -6*o = -3*o - 3213. Suppose 5*h - 394 = o. Is h prime?
True
Is (13 - 3 - 6) + 2095 composite?
False
Let k be 6/4*-2 + -276. Let p = k + 985. Is p a composite number?
True
Let w = 34 - 34. Let i(g) = g**3 - 2*g**2 - g + 203. Is i(w) prime?
False
Let p(v) = 8*v**2 + 10*v + 7. Let t(q) = 7*q**2 + 10*q + 7. Let f(z) = 5*p(z) - 4*t(z). Let d = -296 - -290. Is f(d) prime?
True
Let k(z) = -75*z**3 + z + 39. Is k(-5) a composite number?
True
Suppose 0*w + 2096 = 4*w. Suppose -w = -5*k + 1461. Is k a prime number?
True
Is -4*((-17641)/8 - (-15)/40) a composite number?
False
Is -4*(2843/(-4))/((-3)/(-51)) a composite number?
True
Let q(a) = 199*a + 23. Let p(i) = i. Let y(b) = 6*p(b) + q(b). Is y(6) prime?
False
Is -17 - (0 + -7) - -1839 composite?
True
Let h be (-4)/(-1) - -50*16. Suppose -5*f + 3*a + h = 0, 0 = -2*f + 4*a + 324 + 6. Is f prime?
False
Let p(i) = i**3 - 5*i**2 - 2*i + 2. Let x be p(5). Let t(m) = -380*m - 3. Is t(x) a prime number?
True
Let l = 8149 + -2466. Is l a composite number?
False
Suppose s = -2*h + 2*s - 11, 3*s - 17 = 2*h. Is 84 + 6/(-1 - h) a prime number?
False
Let r be -3 - (-2 + 4/(-4)). Suppose -5*q + l + 2862 = r, 2*l = q + 5*l - 582. Is q composite?
True
Is ((-262652)/(-12))/(13/39) prime?
False
Suppose 0 = 18*n - 642920 + 138218. Is n a prime number?
False
Let n(u) = 0 + 2 - 1 - 2. Let o(h) = 14*h + 12. Let g(j) = 3*n(j) + o(j). Is g(10) a prime number?
True
Is (-36)/(-126) - 1/(21/(-1061901)) composite?
True
Let t(z) = z + 1. Let n be t(1). Suppose n*q - 4*q = 4*g + 714, 2*q + 693 = 3*g. Let w = -130 - q. Is w composite?
True
Let d(c) be the third derivative of 61*c**4/24 - 5*c**3/2 + 25*c**2. Is d(14) composite?
False
Let g = 4035 + 100426. Is g prime?
False
Let v be (4 - 3/(-1)) + -2. Suppose 2*d - 317 = -v*a, -2*a = -0*d + 4*d - 642. Is d prime?
False
Let w be (1 + 4/(-3))/(5/(-60)). Is (5 - w)/(1/491) a prime number?
True
Let q(l) = 3*l**3 - 20*l**2 - 6*l - 6. Let c be q(9). Is (-5)/(30/(-24)) + c prime?
False
Suppose 2*m - 4*m + 936 = 0. Suppose 4*c - 433 = 811. Let a = m - c. Is a a composite number?
False
Is 98581/9 + -11 - (-4)/(-9) a composite number?
True
Suppose -6 = 5*b + 2*o, -4*o = -7*b + 2*b + 12. Let f be (1 + -1)/(2 + b). Let u = 33 + f. Is u a composite number?
True
Let v(p) = -p**2 + 9*p + 1. Let f be v(9). Suppose f = -5*c + 16. Suppose -8*g + 3*g + y + 675 = 0, c*y = 3*g - 417. Is g prime?
False
Let a be ((-24)/(-3))/((-2)/(-484)). Suppose -5281 + a = -3*h. Is h a prime number?
False
Let h be 3/1*1 + 2. Suppose -5*v + 358 = 2*a, -3*a = h*v - 372 - 165. Is a composite?
False
Let m = 0 - 0. Suppose -4*u = -5*w - 489, 0*u - 4*u - 4*w + 444 = m. Suppose j + j = u. Is j a prime number?
False
Let p(i) = -26*i - 17. Let j be -3 + (-6 - -1) + 0. Is p(j) prime?
True
Let h(t) = t**2 - 8*t - 17. Let y be h(11). Suppose y*w = 14370 - 1234. Is w prime?
True
Suppose j - 921 = 4*k + 314, -3 = -3*k. Let f = j + -698. Is f composite?
False
Let a(t) be the first derivative of -8 - 1/4*t**4 - 9*t + 1/2*t**2 - 1/3*t**3. Is a(-5) a composite number?
True
Let z(x) = 3*x + 53*x**3 - 2*x**2 + 4 + 0 - 3*x**2. Is z(3) a composite number?
False
Let v(r) = 40*r**3 + 2*r**2 + 17. Is v(4) composite?
False
Let s(x) = 77*x + 575. Is s(12) composite?
False
Suppose -10 = -2*d + 2. Is (-158)/(-3) - (-2)/d a composite number?
False
Let y(l) = -l**3 + 26*l**2 + l + 13. Is y(15) prime?
True
Suppose -4*t = -0*t + 4*p + 332, -5*t + p = 391. Let y = -191 + t. Let q = -187 - y. Is q composite?
False
Let x = 66931 + -1260. Is x prime?
False
Let o(b) = 9*b**2 + 110*b + 26. Is o(-33) prime?
True
Let y = 2759 - 1816. Is y a composite number?
True
Suppose -u = -5*k + 59810 + 245190, -2*u + 10 = 0. Is k a prime number?
True
Let p = 12511 + -3803. Let l = -6097 + p. Is l a composite number?
True
Let c = -173544 - -255645. Is c composite?
True
Let n(h) = -2*h + 527. Let u be 0/((-3)/3*-1). Is n(u) a prime number?
False
Let z be 20/30 - (-16)/3. Suppose 0 = -3*v + 2013 + 4347. Suppose -3*m + v = i, i + 702 = m + z*i. Is m composite?
True
Let f(i) = -46*i + 9. Suppose 3*k = 6*k + 21. Is f(k) a prime number?
True
Suppose -5*a - 9 = -39. Suppose -a*r = r - 1659. Is r a prime number?
False
Let f be (-1)/5 + 182/35. Suppose -253 = -4*z + f*z. Let d = -171 - z. Is d a composite number?
True
Suppose 4*t - 24 = -4*r, 0 = -r - 2*r + 9. Let u(i) = 43*i**2 + 2*i + 2. Is u(t) composite?
True
Let z = -175 + 844. Suppose -x = -4*x + z. Is x prime?
True
Suppose -44*a + 570971 + 108345 = 0. Is a composite?
False
Let x(v) = -3263*v - 58. Is x(-5) a composite number?
True
Suppose 0 = -q - 2*j + 2859, j - 6127 - 5323 = -4*q. Suppose 7*i = -0*i + q. Is i a composite number?
False
Suppose 0 = 3*t - b + 4*b - 3624, 6040 = 5*t + 4*b. Let z = t + 179. Is z composite?
True
Let c(y) = 4*y**2 + 3*y + 5. Let a be c(-2). Suppose 0 = 5*j + 5*n - 70, -j - n + 14 = 4*n. Suppose -a*u + 115 = -j*u. Is u a prime number?
False
Let p(z) = -8 + z + 25 + 30 - 107*z. Is p(-15) a prime number?
True
Suppose 0 = -12*d + 11*d + 7493. Is d a composite number?
True
Suppose 2*t - 31 = -0*t + 5*p, -t + 14 = -2*p. Suppose -t*l + 9120 = 2984. Is l prime?
False
Let q(u) = u**2 + 3*u - 1. Let n be q(-3). Is -2 - (1264/(-3) - n/3) composite?
False
Let f be -7 + 9 + (1 - 0). Suppose f*j + j = -28. Is j/2*68/(-2) a composite number?
True
Is ((-1735)/35)/((-19)/931) a composite number?
True
Suppose -14*l = -7 - 7. Let v(b) = 150*b**2 